{"id":206,"date":"2013-01-04T10:41:30","date_gmt":"2013-01-04T10:41:30","guid":{"rendered":"http:\/\/10.1.0.26\/wordpress\/?page_id=206"},"modified":"2020-04-01T16:04:59","modified_gmt":"2020-04-01T19:04:59","slug":"distrito-federal","status":"publish","type":"page","link":"https:\/\/linkdata.com.br\/?page_id=206","title":{"rendered":"Distrito Federal"},"content":{"rendered":"<ul>\n<li>AEB &#8211; Ag\u00eancia Espacial Brasileira<\/li>\n<li>AGU &#8211; Advocacia Geral da Uni\u00e3o<\/li>\n<li>ANA &#8211; Ag\u00eancia Nacional de \u00c1gua<\/li>\n<li>ANATEL &#8211; Ag\u00eancia Nacional de Telecomunica\u00e7\u00f5es<\/li>\n<li>ANEEL &#8211; Ag\u00eancia Nacional de Energia El\u00e9trica<\/li>\n<li>ANTAQ &#8211; Ag\u00eancia Nacional de Transportes Aquavi\u00e1rios<\/li>\n<li>ANVISA &#8211; Ag\u00eancia Nacional de Vigil\u00e2ncia Sanit\u00e1ria<\/li>\n<li>Banco Central do Brasil<\/li>\n<li>CADE &#8211; Conselho Administrativo de Defesa Econ\u00f4mica<\/li>\n<li>CAPES &#8211; Coord. de Aperf. de Pessoal de N\u00edvel Superior<\/li>\n<li>CEB &#8211; Companhia de Eletr\u00edcidade de Bras\u00edlia<\/li>\n<li>CENTRUS &#8211; Funda\u00e7\u00e3o Banco Central<\/li>\n<li>CJF &#8211; Conselho de Justi\u00e7a Federal<\/li>\n<li>CLDF &#8211; C\u00e2mara Legislativa do Distrito Federal<\/li>\n<li>C.N.P.q. &#8211; Con. Nac. do Desenv. Cient\u00edfico e Tecnol\u00f3gico<\/li>\n<li>CODEPLAN &#8211; CIA Desenvolvimento do Planalto Central<\/li>\n<li>Corpo de Bombeiros do Distrito Federal<\/li>\n<li>DETRAN &#8211; Departamento de Tr\u00e2nsito \/ DF<\/li>\n<li>DF TRANS &#8211; Transporte Urbano do Distrito Federal<\/li>\n<li>DNPM &#8211; Departamento Nacional de Produ\u00e7\u00e3o Mineral<\/li>\n<li>DPRF &#8211; Departamento de Pol\u00edcia Rodovi\u00e1ria Federal<\/li>\n<li>EMBRAPA &#8211; Emp. Brasileira de Pesq. Agropecu\u00e1ria<\/li>\n<li>EMBRATUR &#8211; Instituto Brasileiro de Turismo<\/li>\n<li>ENAP &#8211; Escola Nacional de Administra\u00e7\u00e3o P\u00fablica<\/li>\n<li>ESAF &#8211; Escola de Administra\u00e7\u00e3o Fazend\u00e1ria<\/li>\n<li>FUB &#8211; Funda\u00e7\u00e3o Universit\u00e1ria de Bras\u00edlia<\/li>\n<li>FUNASA &#8211; Funda\u00e7\u00e3o Nacional de Sa\u00fade<\/li>\n<li>Funda\u00e7\u00e3o Palmares<\/li>\n<li>INCRA &#8211; Instituto Nacional de Coloniza\u00e7\u00e3o e Reforma Agr\u00e1ria<\/li>\n<li>INFRAERO &#8211; Emp. Bras. de Infra-estrut. A\u00e9ro Portu\u00e1ria<\/li>\n<li>INSS &#8211; Instituto Nacional do Seguro Social<\/li>\n<li>Metr\u00f4<\/li>\n<li>Minist\u00e9rio da Agricultura, Pecu\u00e1ria e Abastecimento<\/li>\n<li>Minist\u00e9rio da Ci\u00eancia e Tecnologia<\/li>\n<li>Minist\u00e9rio da Cultura<\/li>\n<li>Minist\u00e9rio da Fazenda<\/li>\n<li>Minist\u00e9rio da Intergra\u00e7\u00e3o Nacional<\/li>\n<li>Minist\u00e9rio da Justi\u00e7a<\/li>\n<li>Minist\u00e9rio da Previd\u00eancia Social<\/li>\n<li>Minist\u00e9rio da Sa\u00fade<\/li>\n<li>Minist\u00e9rio das Cidades<\/li>\n<li>Minist\u00e9rio das Comunica\u00e7\u00f5es<\/li>\n<li>Minist\u00e9rio das Rela\u00e7\u00f5es Exteriores<\/li>\n<li>Minist\u00e9rio de Minas e Energia<\/li>\n<li>Minist\u00e9rio do Desenv. Social e Combate \u00e0 Fome<\/li>\n<li>Minist\u00e9rio do Esporte e Turismo<\/li>\n<li>Minist\u00e9rio do Planejamento, Or\u00e7amento e Gest\u00e3o<\/li>\n<li>Minist\u00e9rio do Trabalho e Emprego<\/li>\n<li>Minist\u00e9rio dos Transportes<\/li>\n<li>Minist\u00e9rio P\u00fab. do Trabalho\/Procuradoria Geral<\/li>\n<li>Minist\u00e9rio P\u00fablico do DF e Territ\u00f3rios<\/li>\n<li>MPF &#8211; Minist\u00e9rio P\u00fablico Federal<\/li>\n<li>PGR &#8211; Procuradoria Geral da Rep\u00fablica<\/li>\n<li>Pol\u00edcia Civil Distrito Federal<\/li>\n<li>Pol\u00edcia Rodovi\u00e1ria Federal<\/li>\n<li>Presid\u00eancia da Rep\u00fablica<\/li>\n<li>SEAP \u2013 Secretaria Especial de Aq\u00fcicultura e Pesca<\/li>\n<li>SEBRAE\/DF<\/li>\n<li>SEBRAE NACIONAL<\/li>\n<li>Secretaria da Receita Federal<\/li>\n<li>Senado Federal<\/li>\n<li>SOF &#8211; Secretaria de Or\u00e7amento Federal<\/li>\n<li>SFA &#8211; Superintend\u00eancia Federal de Agricultura<\/li>\n<li>Supremo Tribunal Federal<\/li>\n<li>Tribunal de Contas da Uni\u00e3o<\/li>\n<li>Tribunal de Justi\u00e7a do DF e Territ\u00f3rios<\/li>\n<li>Tribunal Regional Eleitoral<\/li>\n<li>Tribunal Superior do Trabalho<\/li>\n<li>Tribunal Superior Eleitoral<\/li>\n<li>Vara da inf\u00e2ncia e da Juventude<\/li>\n<li>Z\u00f4o &#8211; Zool\u00f3gico de Bras\u00edlia<\/li>\n<\/ul>\n<p>&nbsp;<\/p>\n<p><a href=\"https:\/\/linkdata.com.br\/?page_id=16 \"><img loading=\"lazy\" decoding=\"async\" class=\"alignnone size-full wp-image-328\" title=\"retornar\" src=\"https:\/\/linkdata.com.br\/wp-content\/uploads\/2013\/01\/retornar.png\" alt=\"\" width=\"16\" height=\"16\" \/>\u00a0 Retornar<\/a><\/p>\n","protected":false},"excerpt":{"rendered":"<p>AEB &#8211; Ag\u00eancia Espacial Brasileira AGU &#8211; Advocacia Geral da Uni\u00e3o ANA &#8211; Ag\u00eancia Nacional de \u00c1gua ANATEL &#8211; Ag\u00eancia Nacional de Telecomunica\u00e7\u00f5es ANEEL &#8211; Ag\u00eancia Nacional de Energia El\u00e9trica ANTAQ &#8211; Ag\u00eancia Nacional de Transportes Aquavi\u00e1rios ANVISA &#8211; Ag\u00eancia Nacional de Vigil\u00e2ncia Sanit\u00e1ria Banco Central do Brasil CADE &#8211; [&hellip;]<\/p>\n","protected":false},"author":4,"featured_media":0,"parent":0,"menu_order":0,"comment_status":"closed","ping_status":"closed","template":"","meta":{"footnotes":""},"yoast_head":"<!-- This site is optimized with the Yoast SEO plugin v23.0 - https:\/\/yoast.com\/wordpress\/plugins\/seo\/ -->\n<title>Distrito Federal | Link Data - Solu\u00e7\u00f5es em Gest\u00e3o P\u00fablica<\/title>\n<meta name=\"robots\" content=\"index, follow, max-snippet:-1, max-image-preview:large, max-video-preview:-1\" \/>\n<link rel=\"canonical\" href=\"https:\/\/linkdata.com.br\/?page_id=206\" \/>\n<meta property=\"og:locale\" content=\"pt_BR\" \/>\n<meta property=\"og:type\" content=\"article\" \/>\n<meta property=\"og:title\" content=\"Distrito Federal | Link Data - Solu\u00e7\u00f5es em Gest\u00e3o P\u00fablica\" \/>\n<meta property=\"og:description\" content=\"AEB &#8211; Ag\u00eancia Espacial Brasileira AGU &#8211; Advocacia Geral da Uni\u00e3o ANA &#8211; Ag\u00eancia Nacional de \u00c1gua ANATEL &#8211; Ag\u00eancia Nacional de Telecomunica\u00e7\u00f5es ANEEL &#8211; Ag\u00eancia Nacional de Energia El\u00e9trica ANTAQ &#8211; Ag\u00eancia Nacional de Transportes Aquavi\u00e1rios ANVISA &#8211; Ag\u00eancia Nacional de Vigil\u00e2ncia Sanit\u00e1ria Banco Central do Brasil CADE &#8211; [&hellip;]\" \/>\n<meta property=\"og:url\" content=\"https:\/\/linkdata.com.br\/?page_id=206\" \/>\n<meta property=\"og:site_name\" content=\"Link Data - Solu\u00e7\u00f5es em Gest\u00e3o P\u00fablica\" \/>\n<meta property=\"article:modified_time\" content=\"2020-04-01T19:04:59+00:00\" \/>\n<meta property=\"og:image\" content=\"https:\/\/linkdata.com.br\/wp-content\/uploads\/2013\/01\/retornar.png\" \/>\n<meta name=\"twitter:card\" content=\"summary_large_image\" \/>\n<meta name=\"twitter:label1\" content=\"Est. tempo de leitura\" \/>\n\t<meta name=\"twitter:data1\" content=\"2 minutos\" \/>\n<script type=\"application\/ld+json\" class=\"yoast-schema-graph\">{\"@context\":\"https:\/\/schema.org\",\"@graph\":[{\"@type\":\"WebPage\",\"@id\":\"https:\/\/linkdata.com.br\/?page_id=206\",\"url\":\"https:\/\/linkdata.com.br\/?page_id=206\",\"name\":\"Distrito Federal | Link Data - Solu\u00e7\u00f5es em Gest\u00e3o P\u00fablica\",\"isPartOf\":{\"@id\":\"https:\/\/linkdata.com.br\/#website\"},\"primaryImageOfPage\":{\"@id\":\"https:\/\/linkdata.com.br\/?page_id=206#primaryimage\"},\"image\":{\"@id\":\"https:\/\/linkdata.com.br\/?page_id=206#primaryimage\"},\"thumbnailUrl\":\"https:\/\/linkdata.com.br\/wp-content\/uploads\/2013\/01\/retornar.png\",\"datePublished\":\"2013-01-04T10:41:30+00:00\",\"dateModified\":\"2020-04-01T19:04:59+00:00\",\"breadcrumb\":{\"@id\":\"https:\/\/linkdata.com.br\/?page_id=206#breadcrumb\"},\"inLanguage\":\"pt-BR\",\"potentialAction\":[{\"@type\":\"ReadAction\",\"target\":[\"https:\/\/linkdata.com.br\/?page_id=206\"]}]},{\"@type\":\"ImageObject\",\"inLanguage\":\"pt-BR\",\"@id\":\"https:\/\/linkdata.com.br\/?page_id=206#primaryimage\",\"url\":\"https:\/\/linkdata.com.br\/wp-content\/uploads\/2013\/01\/retornar.png\",\"contentUrl\":\"https:\/\/linkdata.com.br\/wp-content\/uploads\/2013\/01\/retornar.png\",\"width\":\"16\",\"height\":\"16\"},{\"@type\":\"BreadcrumbList\",\"@id\":\"https:\/\/linkdata.com.br\/?page_id=206#breadcrumb\",\"itemListElement\":[{\"@type\":\"ListItem\",\"position\":1,\"name\":\"In\u00edcio\",\"item\":\"https:\/\/linkdata.com.br\/\"},{\"@type\":\"ListItem\",\"position\":2,\"name\":\"Distrito Federal\"}]},{\"@type\":\"WebSite\",\"@id\":\"https:\/\/linkdata.com.br\/#website\",\"url\":\"https:\/\/linkdata.com.br\/\",\"name\":\"Link Data - Solu\u00e7\u00f5es em Gest\u00e3o P\u00fablica\",\"description\":\"Solu\u00e7\u00f5es Tecnol\u00f3gicas e Conhecimento em Gest\u00e3o P\u00fablica\",\"publisher\":{\"@id\":\"https:\/\/linkdata.com.br\/#organization\"},\"potentialAction\":[{\"@type\":\"SearchAction\",\"target\":{\"@type\":\"EntryPoint\",\"urlTemplate\":\"https:\/\/linkdata.com.br\/?s={search_term_string}\"},\"query-input\":\"required name=search_term_string\"}],\"inLanguage\":\"pt-BR\"},{\"@type\":\"Organization\",\"@id\":\"https:\/\/linkdata.com.br\/#organization\",\"name\":\"Link Data S\/A - Solu\u00e7\u00f5es em Gest\u00e3o P\u00fablica\",\"url\":\"https:\/\/linkdata.com.br\/\",\"logo\":{\"@type\":\"ImageObject\",\"inLanguage\":\"pt-BR\",\"@id\":\"https:\/\/linkdata.com.br\/#\/schema\/logo\/image\/\",\"url\":\"https:\/\/linkdata.com.br\/wp-content\/uploads\/img_27anos.png\",\"contentUrl\":\"https:\/\/linkdata.com.br\/wp-content\/uploads\/img_27anos.png\",\"width\":180,\"height\":64,\"caption\":\"Link Data S\/A - Solu\u00e7\u00f5es em Gest\u00e3o P\u00fablica\"},\"image\":{\"@id\":\"https:\/\/linkdata.com.br\/#\/schema\/logo\/image\/\"}}]}<\/script>\n<!-- \/ Yoast SEO plugin. -->","yoast_head_json":{"title":"Distrito Federal | Link Data - Solu\u00e7\u00f5es em Gest\u00e3o P\u00fablica","robots":{"index":"index","follow":"follow","max-snippet":"max-snippet:-1","max-image-preview":"max-image-preview:large","max-video-preview":"max-video-preview:-1"},"canonical":"https:\/\/linkdata.com.br\/?page_id=206","og_locale":"pt_BR","og_type":"article","og_title":"Distrito Federal | Link Data - Solu\u00e7\u00f5es em Gest\u00e3o P\u00fablica","og_description":"AEB &#8211; Ag\u00eancia Espacial Brasileira AGU &#8211; Advocacia Geral da Uni\u00e3o ANA &#8211; Ag\u00eancia Nacional de \u00c1gua ANATEL &#8211; Ag\u00eancia Nacional de Telecomunica\u00e7\u00f5es ANEEL &#8211; Ag\u00eancia Nacional de Energia El\u00e9trica ANTAQ &#8211; Ag\u00eancia Nacional de Transportes Aquavi\u00e1rios ANVISA &#8211; Ag\u00eancia Nacional de Vigil\u00e2ncia Sanit\u00e1ria Banco Central do Brasil CADE &#8211; [&hellip;]","og_url":"https:\/\/linkdata.com.br\/?page_id=206","og_site_name":"Link Data - Solu\u00e7\u00f5es em Gest\u00e3o P\u00fablica","article_modified_time":"2020-04-01T19:04:59+00:00","og_image":[{"url":"https:\/\/linkdata.com.br\/wp-content\/uploads\/2013\/01\/retornar.png"}],"twitter_card":"summary_large_image","twitter_misc":{"Est. tempo de leitura":"2 minutos"},"schema":{"@context":"https:\/\/schema.org","@graph":[{"@type":"WebPage","@id":"https:\/\/linkdata.com.br\/?page_id=206","url":"https:\/\/linkdata.com.br\/?page_id=206","name":"Distrito Federal | Link Data - Solu\u00e7\u00f5es em Gest\u00e3o P\u00fablica","isPartOf":{"@id":"https:\/\/linkdata.com.br\/#website"},"primaryImageOfPage":{"@id":"https:\/\/linkdata.com.br\/?page_id=206#primaryimage"},"image":{"@id":"https:\/\/linkdata.com.br\/?page_id=206#primaryimage"},"thumbnailUrl":"https:\/\/linkdata.com.br\/wp-content\/uploads\/2013\/01\/retornar.png","datePublished":"2013-01-04T10:41:30+00:00","dateModified":"2020-04-01T19:04:59+00:00","breadcrumb":{"@id":"https:\/\/linkdata.com.br\/?page_id=206#breadcrumb"},"inLanguage":"pt-BR","potentialAction":[{"@type":"ReadAction","target":["https:\/\/linkdata.com.br\/?page_id=206"]}]},{"@type":"ImageObject","inLanguage":"pt-BR","@id":"https:\/\/linkdata.com.br\/?page_id=206#primaryimage","url":"https:\/\/linkdata.com.br\/wp-content\/uploads\/2013\/01\/retornar.png","contentUrl":"https:\/\/linkdata.com.br\/wp-content\/uploads\/2013\/01\/retornar.png","width":"16","height":"16"},{"@type":"BreadcrumbList","@id":"https:\/\/linkdata.com.br\/?page_id=206#breadcrumb","itemListElement":[{"@type":"ListItem","position":1,"name":"In\u00edcio","item":"https:\/\/linkdata.com.br\/"},{"@type":"ListItem","position":2,"name":"Distrito Federal"}]},{"@type":"WebSite","@id":"https:\/\/linkdata.com.br\/#website","url":"https:\/\/linkdata.com.br\/","name":"Link Data - Solu\u00e7\u00f5es em Gest\u00e3o P\u00fablica","description":"Solu\u00e7\u00f5es Tecnol\u00f3gicas e Conhecimento em Gest\u00e3o P\u00fablica","publisher":{"@id":"https:\/\/linkdata.com.br\/#organization"},"potentialAction":[{"@type":"SearchAction","target":{"@type":"EntryPoint","urlTemplate":"https:\/\/linkdata.com.br\/?s={search_term_string}"},"query-input":"required name=search_term_string"}],"inLanguage":"pt-BR"},{"@type":"Organization","@id":"https:\/\/linkdata.com.br\/#organization","name":"Link Data S\/A - Solu\u00e7\u00f5es em Gest\u00e3o P\u00fablica","url":"https:\/\/linkdata.com.br\/","logo":{"@type":"ImageObject","inLanguage":"pt-BR","@id":"https:\/\/linkdata.com.br\/#\/schema\/logo\/image\/","url":"https:\/\/linkdata.com.br\/wp-content\/uploads\/img_27anos.png","contentUrl":"https:\/\/linkdata.com.br\/wp-content\/uploads\/img_27anos.png","width":180,"height":64,"caption":"Link Data S\/A - Solu\u00e7\u00f5es em Gest\u00e3o P\u00fablica"},"image":{"@id":"https:\/\/linkdata.com.br\/#\/schema\/logo\/image\/"}}]}},"_links":{"self":[{"href":"https:\/\/linkdata.com.br\/index.php?rest_route=\/wp\/v2\/pages\/206"}],"collection":[{"href":"https:\/\/linkdata.com.br\/index.php?rest_route=\/wp\/v2\/pages"}],"about":[{"href":"https:\/\/linkdata.com.br\/index.php?rest_route=\/wp\/v2\/types\/page"}],"author":[{"embeddable":true,"href":"https:\/\/linkdata.com.br\/index.php?rest_route=\/wp\/v2\/users\/4"}],"replies":[{"embeddable":true,"href":"https:\/\/linkdata.com.br\/index.php?rest_route=%2Fwp%2Fv2%2Fcomments&post=206"}],"version-history":[{"count":9,"href":"https:\/\/linkdata.com.br\/index.php?rest_route=\/wp\/v2\/pages\/206\/revisions"}],"predecessor-version":[{"id":1013,"href":"https:\/\/linkdata.com.br\/index.php?rest_route=\/wp\/v2\/pages\/206\/revisions\/1013"}],"wp:attachment":[{"href":"https:\/\/linkdata.com.br\/index.php?rest_route=%2Fwp%2Fv2%2Fmedia&parent=206"}],"curies":[{"name":"wp","href":"https:\/\/api.w.org\/{rel}","templated":true}]}}